{"id":4725,"date":"2016-07-28T04:08:33","date_gmt":"2016-07-28T04:08:33","guid":{"rendered":"http:\/\/demo.uix.store\/sober\/?page_id=29"},"modified":"2025-04-09T18:53:11","modified_gmt":"2025-04-09T18:53:11","slug":"home-2","status":"publish","type":"page","link":"https:\/\/wetumtum.pt\/festivalpapagaio\/","title":{"rendered":"Home"},"content":{"rendered":"\t\t<div data-elementor-type=\"wp-page\" data-elementor-id=\"4725\" class=\"elementor elementor-4725\">\n\t\t\t\t\t\t<section class=\"elementor-section elementor-top-section elementor-element elementor-element-bb7ee85 elementor-section-boxed elementor-section-height-default elementor-section-height-default\" data-id=\"bb7ee85\" data-element_type=\"section\">\n\t\t\t\t\t\t<div class=\"elementor-container elementor-column-gap-no\">\n\t\t\t\t\t<div class=\"elementor-column elementor-col-100 elementor-top-column elementor-element elementor-element-9dd2656\" data-id=\"9dd2656\" data-element_type=\"column\">\n\t\t\t<div class=\"elementor-widget-wrap elementor-element-populated\">\n\t\t\t\t\t\t<div class=\"elementor-element elementor-element-65ad0a8 elementor-widget elementor-widget-slider_revolution\" data-id=\"65ad0a8\" data-element_type=\"widget\" data-widget_type=\"slider_revolution.default\">\n\t\t\t\t<div class=\"elementor-widget-container\">\n\t\t\t\t\t\n\t\t<div class=\"wp-block-themepunch-revslider\">\n\t\t\t<!-- START Modern REVOLUTION SLIDER 6.5.11 --><p class=\"rs-p-wp-fix\"><\/p>\n\t\t\t<rs-module-wrap id=\"rev_slider_1_1_wrapper\" data-source=\"gallery\" style=\"visibility:hidden;background:#f1f2f4;padding:0;\">\n\t\t\t\t<rs-module id=\"rev_slider_1_1\" style=\"\" data-version=\"6.5.11\">\n\t\t\t\t\t<rs-slides>\n\t\t\t\t\t\t<rs-slide style=\"position: absolute;\" data-key=\"rs-1\" data-title=\"Enjoy this summer trends\" data-in=\"o:1;x:(100%);\" data-out=\"a:false;\">\n\t\t\t\t\t\t\t<img decoding=\"async\" src=\"\/\/wetumtum.pt\/festivalpapagaio\/wp-content\/plugins\/revslider\/public\/assets\/assets\/dummy.png\" title=\"Home\" class=\"rev-slidebg tp-rs-img rs-lazyload\" data-lazyload=\"\/\/wetumtum.pt\/festivalpapagaio\/wp-content\/plugins\/revslider\/public\/assets\/assets\/transparent.png\" data-no-retina>\n\t\t\t\t\t\t\t<rs-bgvideo \n\t\t\t\t\t\t\t\tdata-video=\"vc:none;w:100%;h:100%;sta:00:05;nse:false;l:true;ptimer:false;do:2;doca:rgba(0, 122, 255, 0.33);\"\n\t\t\t\t\t\t\t\tdata-ytid=\"BNaJQWuunKs\"\n\t\t\t\t\t\t\t\tdata-vatr=\"version=3&amp;enablejsapi=1&amp;html5=1&amp;hd=1&amp;wmode=opaque&amp;showinfo=0&amp;rel=0&amp;origin=https:\/\/wetumtum.pt;\"\n\t\t\t\t\t\t\t><\/rs-bgvideo>\n<!--\n\t\t\t\t\t\t\t--><rs-layer\n\t\t\t\t\t\t\t\tid=\"slider-1-slide-1-layer-0\" \n\t\t\t\t\t\t\t\tclass=\"rev-scroll-btn rev-b-span-light\"\n\t\t\t\t\t\t\t\tdata-type=\"button\"\n\t\t\t\t\t\t\t\tdata-xy=\"x:c;xo:-3px,0,-4px,0;yo:613px,504px,542px,574px;\"\n\t\t\t\t\t\t\t\tdata-text=\"w:normal;s:11,11,10,16;l:13,12,15,24;ls:1,0,0,0;\"\n\t\t\t\t\t\t\t\tdata-dim=\"w:23,23,23,20;h:37,39,41,36;minw:23,none,none,none;minh:37,none,none,none;\"\n\t\t\t\t\t\t\t\tdata-vbility=\"t,t,t,f\"\n\t\t\t\t\t\t\t\tdata-rsp_o=\"off\"\n\t\t\t\t\t\t\t\tdata-rsp_bd=\"off\"\n\t\t\t\t\t\t\t\tdata-padding=\"t:15,16,18,16;r:9,9,10,8;b:15,16,18,16;l:9,9,10,8;\"\n\t\t\t\t\t\t\t\tdata-border=\"bos:solid;boc:rgba(255,255,255,0.75);bow:3px,3px,3px,3px;bor:23px,23px,23px,23px;\"\n\t\t\t\t\t\t\t\tdata-frame_999=\"o:0;st:w;\"\n\t\t\t\t\t\t\t\tstyle=\"z-index:10;font-family:'Roboto';text-transform:uppercase;\"\n\t\t\t\t\t\t\t><span><\/span><span><\/span><span><\/span> \n\t\t\t\t\t\t\t<\/rs-layer><!--\n\n\t\t\t\t\t\t\t--><a\n\t\t\t\t\t\t\t\tid=\"slider-1-slide-1-layer-7\" \n\t\t\t\t\t\t\t\tclass=\"rs-layer rev-btn\"\n\t\t\t\t\t\t\t\thref=\"https:\/\/wetumtum.pt\/festivalpapagaio\/3-de-maio-25\/\" target=\"_self\"\n\t\t\t\t\t\t\t\tdata-type=\"button\"\n\t\t\t\t\t\t\t\tdata-xy=\"x:c;xo:-105px,-85px,-18px,0;y:t,t,t,m;yo:477px,397px,371px,-37px;\"\n\t\t\t\t\t\t\t\tdata-text=\"w:normal;s:18,15,14,17;l:50,42,45,55;fw:500;\"\n\t\t\t\t\t\t\t\tdata-dim=\"minh:0px,none,none,none;\"\n\t\t\t\t\t\t\t\tdata-rsp_bd=\"off\"\n\t\t\t\t\t\t\t\tdata-padding=\"r:40,35,37,47;l:40,35,37,47;\"\n\t\t\t\t\t\t\t\tdata-border=\"bor:3px,3px,3px,3px;\"\n\t\t\t\t\t\t\t\tdata-frame_0=\"x:0,0px,0px,0px;y:0,0px,0px,0px;\"\n\t\t\t\t\t\t\t\tdata-frame_1=\"x:0,0px,0px,0px;y:0,0px,0px,0px;\"\n\t\t\t\t\t\t\t\tdata-frame_999=\"o:0;st:w;\"\n\t\t\t\t\t\t\t\tdata-frame_hover=\"c:#3f5ca7;bgc:#fcbf00;bor:3px,3px,3px,3px;sp:100;e:power1.inOut;bri:100%;\"\n\t\t\t\t\t\t\t\tstyle=\"z-index:11;background-color:#3f5ca7;font-family:'Montserrat';\"\n\t\t\t\t\t\t\t>3 de Maio \n\t\t\t\t\t\t\t<\/a><!--\n\n\t\t\t\t\t\t\t--><a\n\t\t\t\t\t\t\t\tid=\"slider-1-slide-1-layer-8\" \n\t\t\t\t\t\t\t\tclass=\"rs-layer rev-btn\"\n\t\t\t\t\t\t\t\thref=\"https:\/\/wetumtum.pt\/festivalpapagaio\/4-de-maio-25\/\" target=\"_self\"\n\t\t\t\t\t\t\t\tdata-type=\"button\"\n\t\t\t\t\t\t\t\tdata-xy=\"x:c;xo:95px,86px,-18px,0;y:t,t,t,m;yo:477px,397px,452px,46px;\"\n\t\t\t\t\t\t\t\tdata-text=\"w:normal;s:18,14,14,17;l:50,42,44,54;fw:500;\"\n\t\t\t\t\t\t\t\tdata-dim=\"minh:0px,none,none,none;\"\n\t\t\t\t\t\t\t\tdata-rsp_bd=\"off\"\n\t\t\t\t\t\t\t\tdata-padding=\"r:40,35,36,46;l:40,35,36,46;\"\n\t\t\t\t\t\t\t\tdata-border=\"bor:3px,3px,3px,3px;\"\n\t\t\t\t\t\t\t\tdata-frame_0=\"x:0,0px,0px,0px;y:0,0px,0px,0px;\"\n\t\t\t\t\t\t\t\tdata-frame_1=\"x:0,0px,0px,0px;y:0,0px,0px,0px;\"\n\t\t\t\t\t\t\t\tdata-frame_999=\"o:0;st:w;\"\n\t\t\t\t\t\t\t\tdata-frame_hover=\"c:#3f5ca7;bgc:#fcbf00;bor:3px,3px,3px,3px;sp:100;e:power1.in;bri:100%;\"\n\t\t\t\t\t\t\t\tstyle=\"z-index:11;background-color:#3f5ca7;font-family:'Montserrat';\"\n\t\t\t\t\t\t\t>4 de Maio \n\t\t\t\t\t\t\t<\/a><!--\n\n\t\t\t\t\t\t\t--><h2\n\t\t\t\t\t\t\t\tid=\"slider-1-slide-1-layer-10\" \n\t\t\t\t\t\t\t\tclass=\"rs-layer\"\n\t\t\t\t\t\t\t\tdata-type=\"text\"\n\t\t\t\t\t\t\t\tdata-color=\"#fff\"\n\t\t\t\t\t\t\t\tdata-rsp_ch=\"on\"\n\t\t\t\t\t\t\t\tdata-xy=\"x:c;xo:0,0,-6px,0;y:m;yo:-32px,-19px,-167px,-147px;\"\n\t\t\t\t\t\t\t\tdata-text=\"w:normal;s:46,27,36,24;l:40,23,31,37;ls:1,0,0,0;fw:500;a:left,left,left,center;\"\n\t\t\t\t\t\t\t\tdata-dim=\"w:auto,auto,auto,416.062px;minh:0px,none,none,none;\"\n\t\t\t\t\t\t\t\tdata-frame_0=\"x:0,0,0px,0px;y:0,0,0px,0px;\"\n\t\t\t\t\t\t\t\tdata-frame_1=\"x:0,0,0px,0px;y:0,0,0px,0px;\"\n\t\t\t\t\t\t\t\tdata-frame_999=\"o:0;st:w;\"\n\t\t\t\t\t\t\t\tstyle=\"z-index:9;font-family:'Montserrat';\"\n\t\t\t\t\t\t\t>Conhece j\u00e1 a nossa programa\u00e7\u00e3o! \n\t\t\t\t\t\t\t<\/h2><!--\n-->\t\t\t\t\t\t<\/rs-slide>\n\t\t\t\t\t<\/rs-slides>\n\t\t\t\t<\/rs-module>\n\t\t\t\t<script type=\"text\/javascript\">\n\t\t\t\t\tsetREVStartSize({c: 'rev_slider_1_1',rl:[1240,1024,778,480],el:[940,768,960,720],gw:[1720,1024,778,480],gh:[940,768,960,720],type:'standard',justify:'',layout:'fullscreen',offsetContainer:'#wpadminbar, #topbar',offset:'',mh:\"0\"});if (window.RS_MODULES!==undefined && window.RS_MODULES.modules!==undefined && window.RS_MODULES.modules[\"revslider11\"]!==undefined) {window.RS_MODULES.modules[\"revslider11\"].once = false;window.revapi1 = undefined;if (window.RS_MODULES.checkMinimal!==undefined) window.RS_MODULES.checkMinimal()}\n\t\t\t\t<\/script>\n\t\t\t\t<script src=\"https:\/\/www.youtube.com\/iframe_api\"><\/script>\n\t\t\t<\/rs-module-wrap>\n\t\t\t<!-- END REVOLUTION SLIDER -->\n<\/div>\n\n\t\t\t\t\t\t<\/div>\n\t\t\t\t<\/div>\n\t\t\t\t\t<\/div>\n\t\t<\/div>\n\t\t\t\t\t<\/div>\n\t\t<\/section>\n\t\t\t\t<section class=\"elementor-section elementor-top-section elementor-element elementor-element-e7289b6 elementor-section-full_width elementor-section-height-default elementor-section-height-default\" data-id=\"e7289b6\" data-element_type=\"section\">\n\t\t\t\t\t\t<div class=\"elementor-container elementor-column-gap-no\">\n\t\t\t\t\t<div class=\"elementor-column elementor-col-100 elementor-top-column elementor-element elementor-element-54482f9\" data-id=\"54482f9\" data-element_type=\"column\">\n\t\t\t<div class=\"elementor-widget-wrap elementor-element-populated\">\n\t\t\t\t\t\t<div class=\"elementor-element elementor-element-0da17f7 elementor-widget elementor-widget-sober-banner-grid-4\" data-id=\"0da17f7\" data-element_type=\"widget\" data-widget_type=\"sober-banner-grid-4.default\">\n\t\t\t\t<div class=\"elementor-widget-container\">\n\t\t\t\t\t\t\t<div class=\"sober-banner-grid-4 sober-banner-grid-4--elementor\">\n\t\t\t\t\t\t\t\t\t\t\t<div class=\"sober-banner-grid-4__banner sober-banner-grid-4__banner-1 sober-banner-grid__banner sober-banner-image sober-banner-image-1 sober-banner-image--hover-zoom_box sober-banner-image--button-visible-fadein sober-banner-grid-4__banner--content-center sober-banner-grid__banner--content-center\">\n\t\t\t\t\t<a class=\"sober-banner-image__link sober-banner-image-1__link\" href=\"https:\/\/wetumtum.pt\/festivalpapagaio\/apresentacao\/\">\n\t\t\t\t\t\t<img decoding=\"async\" class=\"sober-banner-image__image sober-banner-image-1__image\" src=\"https:\/\/wetumtum.pt\/festivalpapagaio\/wp-content\/uploads\/elementor\/thumbs\/adn-pk15rq0fsiaxz0bovnv4li8f5zufu6nxkgiwqjbdvs.jpg\" alt=\"adn\">\n\t\t\t\t\t\t<div class=\"sober-banner-image__content sober-banner-image-1__content\">\n\t\t\t\t\t\t\t\n\t\t\t\t\t\t\t\t\t\t\t\t\t\t\t<div class=\"sober-banner-image__title sober-banner-image-1__title\">Sobre <br>o festival<\/div>\n\t\t\t\t\t\t\t\n\t\t\t\t\t\t\t\n\t\t\t\t\t\t\t\t\t\t\t\t\t\t\t<div class=\"sober-banner-image__buttons sober-banner-image-1__buttons\">\n\t\t\t\t\t\t\t\t\t<span class=\"sober-banner-image__button sober-banner-image-1__button sober-banner-image__button--light\">conhecer<\/span>\n\t\t\t\t\t\t\t\t<\/div>\n\t\t\t\t\t\t\t\t\t\t\t\t\t<\/div>\n\t\t\t\t\t<\/a>\n\t\t\t\t<\/div>\n\t\t\t\t\t\t\t\t\t\t\t<div class=\"sober-banner-grid-4__banner sober-banner-grid-4__banner-2 sober-banner-grid__banner sober-banner-image sober-banner-image-2 sober-banner-image--hover-zoom_box sober-banner-image--button-visible-fadein sober-banner-grid-4__banner--content-center sober-banner-grid__banner--content-center\">\n\t\t\t\t\t<a class=\"sober-banner-image__link sober-banner-image-2__link\" href=\"https:\/\/wetumtum.pt\/festivalpapagaio\/faqs\/\">\n\t\t\t\t\t\t<img decoding=\"async\" class=\"sober-banner-image__image sober-banner-image-2__image\" src=\"https:\/\/wetumtum.pt\/festivalpapagaio\/wp-content\/uploads\/elementor\/thumbs\/informacoesuteis-1-pk18nyc01eka7u273r6nmsl1zbyb6rnosugd95u1ac.jpg\" alt=\"informacoesuteis\">\n\t\t\t\t\t\t<div class=\"sober-banner-image__content sober-banner-image-2__content\">\n\t\t\t\t\t\t\t\n\t\t\t\t\t\t\t\t\t\t\t\t\t\t\t<div class=\"sober-banner-image__title sober-banner-image-2__title\">Informa\u00e7\u00f5es<br>\u00dateis<\/div>\n\t\t\t\t\t\t\t\n\t\t\t\t\t\t\t\n\t\t\t\t\t\t\t\t\t\t\t\t\t\t\t<div class=\"sober-banner-image__buttons sober-banner-image-2__buttons\">\n\t\t\t\t\t\t\t\t\t<span class=\"sober-banner-image__button sober-banner-image-2__button sober-banner-image__button--light\">saber mais<\/span>\n\t\t\t\t\t\t\t\t<\/div>\n\t\t\t\t\t\t\t\t\t\t\t\t\t<\/div>\n\t\t\t\t\t<\/a>\n\t\t\t\t<\/div>\n\t\t\t\t\t\t\t\t\t\t\t<div class=\"sober-banner-grid-4__banner sober-banner-grid-4__banner-3 sober-banner-grid__banner sober-banner-image sober-banner-image-3 sober-banner-image--hover-zoom_box sober-banner-image--button-visible-fadein sober-banner-grid-4__banner--content-center sober-banner-grid__banner--content-center\">\n\t\t\t\t\t<a class=\"sober-banner-image__link sober-banner-image-3__link\">\n\t\t\t\t\t\t<img decoding=\"async\" class=\"sober-banner-image__image sober-banner-image-3__image\" src=\"https:\/\/wetumtum.pt\/festivalpapagaio\/wp-content\/uploads\/elementor\/thumbs\/pequenos-entrevistadores-1-pk18qkbv0u4ygu9nuvtck4v5dv30ki0uhrox8tyo04.jpg\" alt=\"pequenos entrevistadores\">\n\t\t\t\t\t\t<div class=\"sober-banner-image__content sober-banner-image-3__content\">\n\t\t\t\t\t\t\t\n\t\t\t\t\t\t\t\t\t\t\t\t\t\t\t<div class=\"sober-banner-image__title sober-banner-image-3__title\">Os nossos<br>pequenos jornalistas<\/div>\n\t\t\t\t\t\t\t\n\t\t\t\t\t\t\t\t\t\t\t\t\t\t\t<div class=\"sober-banner-image__description sober-banner-image-3__description\">(brevemente)<\/div>\n\t\t\t\t\t\t\t\n\t\t\t\t\t\t\t\t\t\t\t\t\t\t\t<div class=\"sober-banner-image__buttons sober-banner-image-3__buttons\">\n\t\t\t\t\t\t\t\t\t<span class=\"sober-banner-image__button sober-banner-image-3__button sober-banner-image__button--light\">conhec\u00ea-los<\/span>\n\t\t\t\t\t\t\t\t<\/div>\n\t\t\t\t\t\t\t\t\t\t\t\t\t<\/div>\n\t\t\t\t\t<\/a>\n\t\t\t\t<\/div>\n\t\t\t\t\t\t\t\t\t\t\t<div class=\"sober-banner-grid-4__banner sober-banner-grid-4__banner-4 sober-banner-grid__banner sober-banner-image sober-banner-image-4 sober-banner-image--hover-zoom_box sober-banner-image--button-visible-fadein sober-banner-grid-4__banner--content-center sober-banner-grid__banner--content-center\">\n\t\t\t\t\t<a class=\"sober-banner-image__link sober-banner-image-4__link\" href=\"https:\/\/wetumtum.pt\/festivalpapagaio\/uma-ideia-de-justica\/\">\n\t\t\t\t\t\t<img decoding=\"async\" class=\"sober-banner-image__image sober-banner-image-4__image\" src=\"https:\/\/wetumtum.pt\/festivalpapagaio\/wp-content\/uploads\/elementor\/thumbs\/thumb4-pk18i4q5b2yblaa4gsmx61boih5mh98es8su7an6dg.jpg\" alt=\"thumb4\">\n\t\t\t\t\t\t<div class=\"sober-banner-image__content sober-banner-image-4__content\">\n\t\t\t\t\t\t\t\n\t\t\t\t\t\t\t\t\t\t\t\t\t\t\t<div class=\"sober-banner-image__title sober-banner-image-4__title\">Uma ideia de justi\u00e7a<br>2 de Maio<\/div>\n\t\t\t\t\t\t\t\n\t\t\t\t\t\t\t\t\t\t\t\t\t\t\t<div class=\"sober-banner-image__description sober-banner-image-4__description\">Espet\u00e1culo de lan\u00e7amento para escolas<\/div>\n\t\t\t\t\t\t\t\n\t\t\t\t\t\t\t\t\t\t\t\t\t\t\t<div class=\"sober-banner-image__buttons sober-banner-image-4__buttons\">\n\t\t\t\t\t\t\t\t\t<span class=\"sober-banner-image__button sober-banner-image-4__button sober-banner-image__button--light\">Saber Mais<\/span>\n\t\t\t\t\t\t\t\t<\/div>\n\t\t\t\t\t\t\t\t\t\t\t\t\t<\/div>\n\t\t\t\t\t<\/a>\n\t\t\t\t<\/div>\n\t\t\t\t\t<\/div>\n\t\t\t\t\t\t<\/div>\n\t\t\t\t<\/div>\n\t\t\t\t<div class=\"elementor-element elementor-element-23c1664 elementor-widget elementor-widget-spacer\" data-id=\"23c1664\" data-element_type=\"widget\" data-widget_type=\"spacer.default\">\n\t\t\t\t<div class=\"elementor-widget-container\">\n\t\t\t\t\t\t\t<div class=\"elementor-spacer\">\n\t\t\t<div class=\"elementor-spacer-inner\"><\/div>\n\t\t<\/div>\n\t\t\t\t\t\t<\/div>\n\t\t\t\t<\/div>\n\t\t\t\t<div class=\"elementor-element elementor-element-6fc005f elementor-widget elementor-widget-heading\" data-id=\"6fc005f\" data-element_type=\"widget\" data-widget_type=\"heading.default\">\n\t\t\t\t<div class=\"elementor-widget-container\">\n\t\t\t\t\t<h2 class=\"elementor-heading-title elementor-size-default\">Prontos para levantar voo?<\/h2>\t\t\t\t<\/div>\n\t\t\t\t<\/div>\n\t\t\t\t<div class=\"elementor-element elementor-element-525f948 elementor-widget elementor-widget-spacer\" data-id=\"525f948\" data-element_type=\"widget\" data-widget_type=\"spacer.default\">\n\t\t\t\t<div class=\"elementor-widget-container\">\n\t\t\t\t\t\t\t<div class=\"elementor-spacer\">\n\t\t\t<div class=\"elementor-spacer-inner\"><\/div>\n\t\t<\/div>\n\t\t\t\t\t\t<\/div>\n\t\t\t\t<\/div>\n\t\t\t\t\t<\/div>\n\t\t<\/div>\n\t\t\t\t\t<\/div>\n\t\t<\/section>\n\t\t\t\t<\/div>\n\t\t","protected":false},"excerpt":{"rendered":"<p>Sobre o festival conhecer Informa\u00e7\u00f5es\u00dateis saber mais Os nossospequenos jornalistas (brevemente) conhec\u00ea-los Uma ideia de&hellip;<\/p>\n","protected":false},"author":1,"featured_media":0,"parent":0,"menu_order":0,"comment_status":"closed","ping_status":"closed","template":"templates\/homepage.php","meta":{"footnotes":""},"class_list":["post-4725","page","type-page","status-publish","hentry"],"_links":{"self":[{"href":"https:\/\/wetumtum.pt\/festivalpapagaio\/wp-json\/wp\/v2\/pages\/4725","targetHints":{"allow":["GET"]}}],"collection":[{"href":"https:\/\/wetumtum.pt\/festivalpapagaio\/wp-json\/wp\/v2\/pages"}],"about":[{"href":"https:\/\/wetumtum.pt\/festivalpapagaio\/wp-json\/wp\/v2\/types\/page"}],"author":[{"embeddable":true,"href":"https:\/\/wetumtum.pt\/festivalpapagaio\/wp-json\/wp\/v2\/users\/1"}],"replies":[{"embeddable":true,"href":"https:\/\/wetumtum.pt\/festivalpapagaio\/wp-json\/wp\/v2\/comments?post=4725"}],"version-history":[{"count":76,"href":"https:\/\/wetumtum.pt\/festivalpapagaio\/wp-json\/wp\/v2\/pages\/4725\/revisions"}],"predecessor-version":[{"id":7663,"href":"https:\/\/wetumtum.pt\/festivalpapagaio\/wp-json\/wp\/v2\/pages\/4725\/revisions\/7663"}],"wp:attachment":[{"href":"https:\/\/wetumtum.pt\/festivalpapagaio\/wp-json\/wp\/v2\/media?parent=4725"}],"curies":[{"name":"wp","href":"https:\/\/api.w.org\/{rel}","templated":true}]}}