{"id":7091,"date":"2025-04-08T09:45:50","date_gmt":"2025-04-08T09:45:50","guid":{"rendered":"https:\/\/wetumtum.pt\/festivalpapagaio\/?page_id=7091"},"modified":"2025-04-10T20:04:01","modified_gmt":"2025-04-10T20:04:01","slug":"oficina-garatuja","status":"publish","type":"page","link":"https:\/\/wetumtum.pt\/festivalpapagaio\/oficina-garatuja\/","title":{"rendered":"Oficina Garatuja + Open Lab Circo"},"content":{"rendered":"\t\t<div data-elementor-type=\"wp-page\" data-elementor-id=\"7091\" class=\"elementor elementor-7091\">\n\t\t\t\t\t\t<section class=\"elementor-section elementor-top-section elementor-element elementor-element-58a0e64 elementor-section-stretched elementor-section-boxed elementor-section-height-default elementor-section-height-default\" data-id=\"58a0e64\" data-element_type=\"section\" data-settings=\"{&quot;stretch_section&quot;:&quot;section-stretched&quot;}\">\n\t\t\t\t\t\t<div class=\"elementor-container elementor-column-gap-default\">\n\t\t\t\t\t<div class=\"elementor-column elementor-col-100 elementor-top-column elementor-element elementor-element-9aedb05\" data-id=\"9aedb05\" data-element_type=\"column\">\n\t\t\t<div class=\"elementor-widget-wrap elementor-element-populated\">\n\t\t\t\t\t\t<div class=\"elementor-element elementor-element-89bb366 elementor-widget elementor-widget-spacer\" data-id=\"89bb366\" data-element_type=\"widget\" data-widget_type=\"spacer.default\">\n\t\t\t\t<div class=\"elementor-widget-container\">\n\t\t\t\t\t\t\t<div class=\"elementor-spacer\">\n\t\t\t<div class=\"elementor-spacer-inner\"><\/div>\n\t\t<\/div>\n\t\t\t\t\t\t<\/div>\n\t\t\t\t<\/div>\n\t\t\t\t\t<\/div>\n\t\t<\/div>\n\t\t\t\t\t<\/div>\n\t\t<\/section>\n\t\t\t\t<section class=\"elementor-section elementor-top-section elementor-element elementor-element-22374496 elementor-section-stretched elementor-section-boxed elementor-section-height-default elementor-section-height-default\" data-id=\"22374496\" data-element_type=\"section\" data-settings=\"{&quot;stretch_section&quot;:&quot;section-stretched&quot;}\">\n\t\t\t\t\t\t<div class=\"elementor-container elementor-column-gap-default\">\n\t\t\t\t\t<div class=\"elementor-column elementor-col-50 elementor-top-column elementor-element elementor-element-9ed6685\" data-id=\"9ed6685\" data-element_type=\"column\">\n\t\t\t<div class=\"elementor-widget-wrap\">\n\t\t\t\t\t\t\t<\/div>\n\t\t<\/div>\n\t\t\t\t<div class=\"elementor-column elementor-col-25 elementor-top-column elementor-element elementor-element-3ea6feb4\" data-id=\"3ea6feb4\" data-element_type=\"column\">\n\t\t\t<div class=\"elementor-widget-wrap elementor-element-populated\">\n\t\t\t\t\t\t<div class=\"elementor-element elementor-element-3e92206f elementor-align-right elementor-widget elementor-widget-button\" data-id=\"3e92206f\" data-element_type=\"widget\" data-widget_type=\"button.default\">\n\t\t\t\t<div class=\"elementor-widget-container\">\n\t\t\t\t\t\t\t\t\t<div class=\"elementor-button-wrapper\">\n\t\t\t\t\t<a class=\"elementor-button elementor-button-link elementor-size-sm\" href=\"https:\/\/wetumtum.pt\/festivalpapagaio\/3-de-maio-25\/\">\n\t\t\t\t\t\t<span class=\"elementor-button-content-wrapper\">\n\t\t\t\t\t\t\t\t\t<span class=\"elementor-button-text\">3 de maio<\/span>\n\t\t\t\t\t<\/span>\n\t\t\t\t\t<\/a>\n\t\t\t\t<\/div>\n\t\t\t\t\t\t\t\t<\/div>\n\t\t\t\t<\/div>\n\t\t\t\t\t<\/div>\n\t\t<\/div>\n\t\t\t\t<div class=\"elementor-column elementor-col-25 elementor-top-column elementor-element elementor-element-2316efa4\" data-id=\"2316efa4\" data-element_type=\"column\">\n\t\t\t<div class=\"elementor-widget-wrap elementor-element-populated\">\n\t\t\t\t\t\t<div class=\"elementor-element elementor-element-bb25638 elementor-align-right elementor-widget elementor-widget-button\" data-id=\"bb25638\" data-element_type=\"widget\" data-widget_type=\"button.default\">\n\t\t\t\t<div class=\"elementor-widget-container\">\n\t\t\t\t\t\t\t\t\t<div class=\"elementor-button-wrapper\">\n\t\t\t\t\t<a class=\"elementor-button elementor-button-link elementor-size-sm\" href=\"https:\/\/wetumtum.pt\/festivalpapagaio\/4-de-maio-25\/\">\n\t\t\t\t\t\t<span class=\"elementor-button-content-wrapper\">\n\t\t\t\t\t\t\t\t\t<span class=\"elementor-button-text\">4 de maio<\/span>\n\t\t\t\t\t<\/span>\n\t\t\t\t\t<\/a>\n\t\t\t\t<\/div>\n\t\t\t\t\t\t\t\t<\/div>\n\t\t\t\t<\/div>\n\t\t\t\t\t<\/div>\n\t\t<\/div>\n\t\t\t\t\t<\/div>\n\t\t<\/section>\n\t\t\t\t<section class=\"elementor-section elementor-top-section elementor-element elementor-element-5f24976 elementor-section-stretched elementor-section-boxed elementor-section-height-default elementor-section-height-default\" data-id=\"5f24976\" data-element_type=\"section\" data-settings=\"{&quot;stretch_section&quot;:&quot;section-stretched&quot;,&quot;background_background&quot;:&quot;classic&quot;,&quot;shape_divider_top&quot;:&quot;triangle-asymmetrical&quot;,&quot;shape_divider_top_negative&quot;:&quot;yes&quot;,&quot;shape_divider_bottom&quot;:&quot;triangle-asymmetrical&quot;}\">\n\t\t\t\t\t<div class=\"elementor-shape elementor-shape-top\" data-negative=\"true\">\n\t\t\t<svg xmlns=\"http:\/\/www.w3.org\/2000\/svg\" viewBox=\"0 0 1000 100\" preserveAspectRatio=\"none\">\n\t<path class=\"elementor-shape-fill\" d=\"M737.9,94.7L0,0v100h1000V0L737.9,94.7z\"\/>\n<\/svg>\t\t<\/div>\n\t\t\t\t<div class=\"elementor-shape elementor-shape-bottom\" data-negative=\"false\">\n\t\t\t<svg xmlns=\"http:\/\/www.w3.org\/2000\/svg\" viewBox=\"0 0 1000 100\" preserveAspectRatio=\"none\">\n\t<path class=\"elementor-shape-fill\" d=\"M738,99l262-93V0H0v5.6L738,99z\"\/>\n<\/svg>\t\t<\/div>\n\t\t\t\t\t<div class=\"elementor-container elementor-column-gap-default\">\n\t\t\t\t\t<div class=\"elementor-column elementor-col-33 elementor-top-column elementor-element elementor-element-ee8d7ec\" data-id=\"ee8d7ec\" data-element_type=\"column\">\n\t\t\t<div class=\"elementor-widget-wrap elementor-element-populated\">\n\t\t\t\t\t\t<div class=\"elementor-element elementor-element-ee4839f elementor-widget elementor-widget-spacer\" data-id=\"ee4839f\" data-element_type=\"widget\" data-widget_type=\"spacer.default\">\n\t\t\t\t<div class=\"elementor-widget-container\">\n\t\t\t\t\t\t\t<div class=\"elementor-spacer\">\n\t\t\t<div class=\"elementor-spacer-inner\"><\/div>\n\t\t<\/div>\n\t\t\t\t\t\t<\/div>\n\t\t\t\t<\/div>\n\t\t\t\t<div class=\"elementor-element elementor-element-8a43c62 elementor-widget elementor-widget-image\" data-id=\"8a43c62\" data-element_type=\"widget\" data-widget_type=\"image.default\">\n\t\t\t\t<div class=\"elementor-widget-container\">\n\t\t\t\t\t\t\t\t\t\t\t\t\t\t\t<img decoding=\"async\" width=\"41\" height=\"558\" src=\"https:\/\/wetumtum.pt\/festivalpapagaio\/wp-content\/uploads\/2025\/04\/workshop.png\" class=\"attachment-large size-large wp-image-6932\" alt=\"\" srcset=\"https:\/\/wetumtum.pt\/festivalpapagaio\/wp-content\/uploads\/2025\/04\/workshop.png 41w, https:\/\/wetumtum.pt\/festivalpapagaio\/wp-content\/uploads\/2025\/04\/workshop-22x300.png 22w\" sizes=\"(max-width: 41px) 100vw, 41px\" \/>\t\t\t\t\t\t\t\t\t\t\t\t\t\t\t<\/div>\n\t\t\t\t<\/div>\n\t\t\t\t\t<\/div>\n\t\t<\/div>\n\t\t\t\t<div class=\"elementor-column elementor-col-33 elementor-top-column elementor-element elementor-element-ed0a789\" data-id=\"ed0a789\" data-element_type=\"column\">\n\t\t\t<div class=\"elementor-widget-wrap elementor-element-populated\">\n\t\t\t\t\t\t<div class=\"elementor-element elementor-element-8b4c5aa elementor-widget elementor-widget-spacer\" data-id=\"8b4c5aa\" data-element_type=\"widget\" data-widget_type=\"spacer.default\">\n\t\t\t\t<div class=\"elementor-widget-container\">\n\t\t\t\t\t\t\t<div class=\"elementor-spacer\">\n\t\t\t<div class=\"elementor-spacer-inner\"><\/div>\n\t\t<\/div>\n\t\t\t\t\t\t<\/div>\n\t\t\t\t<\/div>\n\t\t\t\t<div class=\"elementor-element elementor-element-94ced1e elementor-widget elementor-widget-text-editor\" data-id=\"94ced1e\" data-element_type=\"widget\" data-widget_type=\"text-editor.default\">\n\t\t\t\t<div class=\"elementor-widget-container\">\n\t\t\t\t\t\t\t\t\t<p><strong>P\u00fablico:<br \/><\/strong>Crian\u00e7as +6 \u00a0anos<\/p><p><b>Dia:<br \/><\/b>3 e 4 de maio<\/p><p><strong>Local:<br \/><\/strong>Jardim<\/p><p><strong>Hor\u00e1rios:<br \/><\/strong>Permanente das 10h \u00e0s 17h30<\/p><p><strong>Bilhete:<br \/>GRATUITO<\/strong><\/p><p><strong>Produ\u00e7\u00e3o:<\/strong> <br \/><a href=\"http:\/\/www.wetumtum.pt\" target=\"_blank\" rel=\"noopener\">WETUMTUM<\/a><\/p>\t\t\t\t\t\t\t\t<\/div>\n\t\t\t\t<\/div>\n\t\t\t\t\t<\/div>\n\t\t<\/div>\n\t\t\t\t<div class=\"elementor-column elementor-col-33 elementor-top-column elementor-element elementor-element-96f6a24\" data-id=\"96f6a24\" data-element_type=\"column\">\n\t\t\t<div class=\"elementor-widget-wrap elementor-element-populated\">\n\t\t\t\t\t\t<div class=\"elementor-element elementor-element-8d207c5 elementor-widget elementor-widget-spacer\" data-id=\"8d207c5\" data-element_type=\"widget\" data-widget_type=\"spacer.default\">\n\t\t\t\t<div class=\"elementor-widget-container\">\n\t\t\t\t\t\t\t<div class=\"elementor-spacer\">\n\t\t\t<div class=\"elementor-spacer-inner\"><\/div>\n\t\t<\/div>\n\t\t\t\t\t\t<\/div>\n\t\t\t\t<\/div>\n\t\t\t\t<div class=\"elementor-element elementor-element-00d1307 elementor-hidden-mobile elementor-widget elementor-widget-heading\" data-id=\"00d1307\" data-element_type=\"widget\" data-widget_type=\"heading.default\">\n\t\t\t\t<div class=\"elementor-widget-container\">\n\t\t\t\t\t<h2 class=\"elementor-heading-title elementor-size-default\">Circuito de Atividades<\/h2>\t\t\t\t<\/div>\n\t\t\t\t<\/div>\n\t\t\t\t<div class=\"elementor-element elementor-element-1c31eb0 elementor-tabs-alignment-center elementor-tabs-view-horizontal elementor-widget elementor-widget-tabs\" data-id=\"1c31eb0\" data-element_type=\"widget\" data-widget_type=\"tabs.default\">\n\t\t\t\t<div class=\"elementor-widget-container\">\n\t\t\t\t\t\t\t<div class=\"elementor-tabs\">\n\t\t\t<div class=\"elementor-tabs-wrapper\" role=\"tablist\" >\n\t\t\t\t\t\t\t\t\t<div id=\"elementor-tab-title-2951\" class=\"elementor-tab-title elementor-tab-desktop-title\" aria-selected=\"true\" data-tab=\"1\" role=\"tab\" tabindex=\"0\" aria-controls=\"elementor-tab-content-2951\" aria-expanded=\"false\">GARATUJA o que \u00e9?<\/div>\n\t\t\t\t\t\t\t\t\t<div id=\"elementor-tab-title-2952\" class=\"elementor-tab-title elementor-tab-desktop-title\" aria-selected=\"false\" data-tab=\"2\" role=\"tab\" tabindex=\"-1\" aria-controls=\"elementor-tab-content-2952\" aria-expanded=\"false\">Frankentujo<\/div>\n\t\t\t\t\t\t\t\t\t<div id=\"elementor-tab-title-2953\" class=\"elementor-tab-title elementor-tab-desktop-title\" aria-selected=\"false\" data-tab=\"3\" role=\"tab\" tabindex=\"-1\" aria-controls=\"elementor-tab-content-2953\" aria-expanded=\"false\">Caquinhos que voam<\/div>\n\t\t\t\t\t\t\t\t\t<div id=\"elementor-tab-title-2954\" class=\"elementor-tab-title elementor-tab-desktop-title\" aria-selected=\"false\" data-tab=\"4\" role=\"tab\" tabindex=\"-1\" aria-controls=\"elementor-tab-content-2954\" aria-expanded=\"false\">Constru\u00e7\u00e3o de Papagaio XXL<\/div>\n\t\t\t\t\t\t\t\t\t<div id=\"elementor-tab-title-2955\" class=\"elementor-tab-title elementor-tab-desktop-title\" aria-selected=\"false\" data-tab=\"5\" role=\"tab\" tabindex=\"-1\" aria-controls=\"elementor-tab-content-2955\" aria-expanded=\"false\">Open Lab Circo<\/div>\n\t\t\t\t\t\t\t<\/div>\n\t\t\t<div class=\"elementor-tabs-content-wrapper\" role=\"tablist\" aria-orientation=\"vertical\">\n\t\t\t\t\t\t\t\t\t<div class=\"elementor-tab-title elementor-tab-mobile-title\" aria-selected=\"true\" data-tab=\"1\" role=\"tab\" tabindex=\"0\" aria-controls=\"elementor-tab-content-2951\" aria-expanded=\"false\">GARATUJA o que \u00e9?<\/div>\n\t\t\t\t\t<div id=\"elementor-tab-content-2951\" class=\"elementor-tab-content elementor-clearfix\" data-tab=\"1\" role=\"tabpanel\" aria-labelledby=\"elementor-tab-title-2951\" tabindex=\"0\" hidden=\"false\"><p>Ga.ra.tu.ja (nome feminino) Gesto ou tra\u00e7o r\u00e1pido e livre, muitas vezes espont\u00e2neo, que pode revelar a criatividade em estado puro. Com este conceito em mente, a Garatuja nasceu da\u00a0 vontade de explorar o universo da\u00a0 express\u00e3o pl\u00e1stica a partir das\u00a0 refer\u00eancias da hist\u00f3ria da arte e das\u00a0 tend\u00eancias contempor\u00e2neas. Atrav\u00e9s\u00a0 de t\u00e9cnicas e materiais diversificados, cada oficina \u00e9 uma oportunidade de\u00a0 experimentar, soltar o artista interior e\u00a0 descobrir algo novo. Na Garatuja quebramos\u00a0 o medo da folha em\u00a0 branco e tentamos\u00a0 transformar cada garatujo numa\u00a0 obra-prima.<\/p><\/div>\n\t\t\t\t\t\t\t\t\t<div class=\"elementor-tab-title elementor-tab-mobile-title\" aria-selected=\"false\" data-tab=\"2\" role=\"tab\" tabindex=\"-1\" aria-controls=\"elementor-tab-content-2952\" aria-expanded=\"false\">Frankentujo<\/div>\n\t\t\t\t\t<div id=\"elementor-tab-content-2952\" class=\"elementor-tab-content elementor-clearfix\" data-tab=\"2\" role=\"tabpanel\" aria-labelledby=\"elementor-tab-title-2952\" tabindex=\"0\" hidden=\"hidden\"><p><b>Frankentujo &#8211; Oficina de desenho<\/b><\/p><p><span style=\"font-weight: 400;\">&#8220;FrankenTujo&#8221; faz-nos afundar no mundo emaranhado da garatuja, onde a \u00fanica oportunidade de\u00a0<\/span><span style=\"font-weight: 400;\">escape \u00e9 pela cria\u00e7\u00e3o do seu pr\u00f3prio \u201cmonstro\u201d entre linhas cruzadas e partes soltas, tal e qual o Dr.\u00a0<\/span><span style=\"font-weight: 400;\">Frankenstein!\u00a0<br \/><\/span><span style=\"font-weight: 400;\">Esta oficina \u00e9 mais do que uma simples oportunidade de express\u00e3o pl\u00e1stica; \u00e9 uma jornada\u00a0<\/span><span style=\"font-weight: 400;\">emocionante de auto express\u00e3o, explora\u00e7\u00e3o art\u00edstica e de descoberta dos caminhos entrela\u00e7ados da\u00a0<\/span><span style=\"font-weight: 400;\">imagina\u00e7\u00e3o. As tuas garatujas ser\u00e3o assustadoramente \u00fanicas, e ser\u00e1 eletrizante v\u00ea-las ganhar vida!\u00a0<\/span><\/p><p><span style=\"font-weight: 400;\">\u201cFrankenTujo\u201d \u00e9 uma oficina de express\u00e3o pl\u00e1stica desenhada especialmente para crian\u00e7as com\u00a0<\/span><span style=\"font-weight: 400;\">idades entre 3 e 6 anos, mas adapt\u00e1vel a todas as idades.\u00a0<\/span><span style=\"font-weight: 400;\">Os participantes ser\u00e3o introduzidos \u00e0 t\u00e9cnica da garatuja, ao explorar a sua significancia no processo <\/span><span style=\"font-weight: 400;\">de desenvolvimento art\u00edstico e o seu potencial criativo. Inspirado em artistas de renome como Cy\u00a0<\/span><span style=\"font-weight: 400;\">Twombly e Karina Smigla-Bobinski, nesta oficina procura-se entender que as garatujas s\u00e3o mais do\u00a0<\/span><span style=\"font-weight: 400;\">que simples rabiscos, s\u00e3o express\u00f5es art\u00edsticas \u00fanicas e pessoais que podem ser expressas de\u00a0<\/span><span style=\"font-weight: 400;\">in\u00fameras formas e nas mais distintas superf\u00edcies.\u00a0<\/span><span style=\"font-weight: 400;\">No decorrer da oficina s\u00e3o explorados conceitos t\u00e9cnicos do desenho, com foco no desenho livre e\u00a0<\/span><span style=\"font-weight: 400;\">nas compet\u00eancias de utiliza\u00e7\u00e3o consciente do limite do suporte de trabalho (papel), assim como\u00a0<\/span><span style=\"font-weight: 400;\">correla\u00e7\u00e3o entre cor-forma-textura ditada por um jogo coletivo que usa um dado gigante com guias\u00a0<\/span><span style=\"font-weight: 400;\">em cada face.<br \/><\/span><span style=\"font-weight: 400;\">Estimula-se tamb\u00e9m a criatividade atrav\u00e9s da personaliza\u00e7\u00e3o do desenho, com recurso a\u00a0<\/span><span style=\"font-weight: 400;\">autocolantes personalizados. Estes autocolantes s\u00e3o desenvolvidos na oficina por cada participante\u00a0<\/span><span style=\"font-weight: 400;\">mas os pr\u00f3prios n\u00e3o os utilizam na sua cria\u00e7\u00e3o; os autocolantes criados s\u00e3o guardados para futuras\u00a0<\/span><span style=\"font-weight: 400;\">sess\u00f5es e os participantes dever\u00e3o usar autocolantes criados em oficinas pr\u00e9vias. Esta din\u00e2mica visa\u00a0<\/span><span style=\"font-weight: 400;\">n\u00e3o s\u00f3 a partilha e desapego do \u201ceu\u201d criador, mas tamb\u00e9m desafia a criatividade a partir de uma\u00a0<\/span><span style=\"font-weight: 400;\">mat\u00e9ria prima sobre a qual n\u00e3o t\u00eam controle.\u00a0<\/span><span style=\"font-weight: 400;\">&#8220;FrankenTujo&#8221; \u00e9 mais do que uma simples oficina de express\u00e3o pl\u00e1stica; prop\u00f5e tamb\u00e9m uma\u00a0<\/span><span style=\"font-weight: 400;\">jornada emocionante de autoexpress\u00e3o, descoberta art\u00edstica e desenvolvimento da imagina\u00e7\u00e3o.\u00a0<\/span><\/p><\/div>\n\t\t\t\t\t\t\t\t\t<div class=\"elementor-tab-title elementor-tab-mobile-title\" aria-selected=\"false\" data-tab=\"3\" role=\"tab\" tabindex=\"-1\" aria-controls=\"elementor-tab-content-2953\" aria-expanded=\"false\">Caquinhos que voam<\/div>\n\t\t\t\t\t<div id=\"elementor-tab-content-2953\" class=\"elementor-tab-content elementor-clearfix\" data-tab=\"3\" role=\"tabpanel\" aria-labelledby=\"elementor-tab-title-2953\" tabindex=\"0\" hidden=\"hidden\"><p><b>Caquinhos que voam \/\/ Oficina de colagem<\/b><\/p><p><span style=\"font-weight: 400;\">A partir de uma base de papel e forma de papagaio os participantes ir\u00e3o fazer uma colagem\u00a0 de \u201ccaquinhos\u201d de papel colorido, tecido, recortes de revista, plantas, etc. com inspira\u00e7\u00e3o na\u00a0 arte milenar do mosaico e nos grandes artistas como Gaudi ou Matisse. De tesoura em\u00a0 m\u00e3o, ir\u00e3o criar novos padr\u00f5es com formas e cores capazes de levar o seu papagaio aos\u00a0 c\u00e9us!\u00a0<\/span><\/p><p><span style=\"font-weight: 400;\">No final da colagem, e de forma a completar a figura do papagaio, ir\u00e3o personalizar ainda o\u00a0 objeto art\u00edstico com a amarra\u00e7\u00e3o de um fio com la\u00e7os de farrapo. <\/span><\/p><\/div>\n\t\t\t\t\t\t\t\t\t<div class=\"elementor-tab-title elementor-tab-mobile-title\" aria-selected=\"false\" data-tab=\"4\" role=\"tab\" tabindex=\"-1\" aria-controls=\"elementor-tab-content-2954\" aria-expanded=\"false\">Constru\u00e7\u00e3o de Papagaio XXL<\/div>\n\t\t\t\t\t<div id=\"elementor-tab-content-2954\" class=\"elementor-tab-content elementor-clearfix\" data-tab=\"4\" role=\"tabpanel\" aria-labelledby=\"elementor-tab-title-2954\" tabindex=\"0\" hidden=\"hidden\"><p><b>Constru\u00e7\u00e3o de Papagaio XXL \/\/ Oficina Coletiva<\/b><\/p><p><span style=\"font-weight: 400;\">Esta oficina coletiva ir\u00e1 decorrer ao longo do Festival e culminar\u00e1 numa grande instala\u00e7\u00e3o\u00a0 art\u00edstica. Lan\u00e7a-se o desafio aos participantes de personalizar um papagaio XXL, constru\u00eddo\u00a0 a partir de 4 quadrantes em estruturas cavalete. Cada quadrante ser\u00e1 personalizado a partir do trabalho conjunto dos participantes. Esta cria\u00e7\u00e3o coletiva utilizar\u00e1\u00a0 v\u00e1rios materiais e t\u00e9cnicas que ser\u00e3o escolhidas em grupo. Entre estes materiais estar\u00e3o as\u00a0<\/span><span style=\"font-weight: 400;\">texturas de frottage do dia anterior, material riscador, tecidos, recortes de papel etc. Os\u00a0 quadrantes finalizados ser\u00e3o \u201cencaixados\u201d, culminando a\u00a0 atividade na constru\u00e7\u00e3o de uma instala\u00e7\u00e3o art\u00edstica em forma de um papagaio XXL, pronto\u00a0 para levantar voo.\u00a0<\/span><\/p><\/div>\n\t\t\t\t\t\t\t\t\t<div class=\"elementor-tab-title elementor-tab-mobile-title\" aria-selected=\"false\" data-tab=\"5\" role=\"tab\" tabindex=\"-1\" aria-controls=\"elementor-tab-content-2955\" aria-expanded=\"false\">Open Lab Circo<\/div>\n\t\t\t\t\t<div id=\"elementor-tab-content-2955\" class=\"elementor-tab-content elementor-clearfix\" data-tab=\"5\" role=\"tabpanel\" aria-labelledby=\"elementor-tab-title-2955\" tabindex=\"0\" hidden=\"hidden\"><p>O open lab de &nbsp;circo Papagaio t\u00eam como objetivo dar a conhecer aos participantes algumas disciplinas do circo. Atrav\u00e9s das t\u00e9cnicas do malabarismo, da manipula\u00e7\u00e3o de objetos, e dos equil\u00edbrios, cada participante ter\u00e1 a oportunidade de experimentar, experi\u00eanciar a parte l\u00fadica&nbsp; do jogo do malabarismo, tipos de t\u00e9cnicas e diferentes formas de o utilizar, num espa\u00e7o informal e transgeracional.<\/p><\/div>\n\t\t\t\t\t\t\t<\/div>\n\t\t<\/div>\n\t\t\t\t\t\t<\/div>\n\t\t\t\t<\/div>\n\t\t\t\t<div class=\"elementor-element elementor-element-f495075 elementor-widget elementor-widget-spacer\" data-id=\"f495075\" data-element_type=\"widget\" data-widget_type=\"spacer.default\">\n\t\t\t\t<div class=\"elementor-widget-container\">\n\t\t\t\t\t\t\t<div class=\"elementor-spacer\">\n\t\t\t<div class=\"elementor-spacer-inner\"><\/div>\n\t\t<\/div>\n\t\t\t\t\t\t<\/div>\n\t\t\t\t<\/div>\n\t\t\t\t<div class=\"elementor-element elementor-element-61e8406 elementor-widget-divider--view-line elementor-widget elementor-widget-divider\" data-id=\"61e8406\" data-element_type=\"widget\" data-widget_type=\"divider.default\">\n\t\t\t\t<div class=\"elementor-widget-container\">\n\t\t\t\t\t\t\t<div class=\"elementor-divider\">\n\t\t\t<span class=\"elementor-divider-separator\">\n\t\t\t\t\t\t<\/span>\n\t\t<\/div>\n\t\t\t\t\t\t<\/div>\n\t\t\t\t<\/div>\n\t\t\t\t<div class=\"elementor-element elementor-element-218cdd8 elementor-widget__width-initial elementor-widget elementor-widget-text-editor\" data-id=\"218cdd8\" data-element_type=\"widget\" data-widget_type=\"text-editor.default\">\n\t\t\t\t<div class=\"elementor-widget-container\">\n\t\t\t\t\t\t\t\t\t<p><span style=\"caret-color: #000000; color: #000000;\">Oficina Garatuja + OpenLab Circo<\/span><\/p>\n<p><b>Circuito de atividades<\/b><\/p>\n<p><b>dura\u00e7\u00e3o m\u00e1xima: 1h30<\/b><\/p>\n<p>in\u00edcio a cada 30minutos \/\/ 15 crian\u00e7as por atividade<\/p>\n<p><br><\/p>\n<p><br><\/p>\n<p><br><\/p>\t\t\t\t\t\t\t\t<\/div>\n\t\t\t\t<\/div>\n\t\t\t\t\t<\/div>\n\t\t<\/div>\n\t\t\t\t\t<\/div>\n\t\t<\/section>\n\t\t\t\t<section class=\"elementor-section elementor-top-section elementor-element elementor-element-53aef23 elementor-section-boxed elementor-section-height-default elementor-section-height-default\" data-id=\"53aef23\" data-element_type=\"section\">\n\t\t\t\t\t\t<div class=\"elementor-container elementor-column-gap-default\">\n\t\t\t\t\t<div class=\"elementor-column elementor-col-100 elementor-top-column elementor-element elementor-element-3f35e1f\" data-id=\"3f35e1f\" data-element_type=\"column\">\n\t\t\t<div class=\"elementor-widget-wrap elementor-element-populated\">\n\t\t\t\t\t\t<div class=\"elementor-element elementor-element-225b2be elementor-widget elementor-widget-text-editor\" data-id=\"225b2be\" data-element_type=\"widget\" data-widget_type=\"text-editor.default\">\n\t\t\t\t<div class=\"elementor-widget-container\">\n\t\t\t\t\t\t\t\t\t<p><strong>Cria\u00e7\u00e3o:<\/strong> <br \/>Oficinas Garatuja e WeTumTum<\/p><p><b>Promo\u00e7\u00e3o: <br \/>WETUMTUM<\/b><\/p>\t\t\t\t\t\t\t\t<\/div>\n\t\t\t\t<\/div>\n\t\t\t\t\t<\/div>\n\t\t<\/div>\n\t\t\t\t\t<\/div>\n\t\t<\/section>\n\t\t\t\t<\/div>\n\t\t","protected":false},"excerpt":{"rendered":"<p>3 de maio 4 de maio P\u00fablico:Crian\u00e7as +6 \u00a0anos Dia:3 e 4 de maio Local:Jardim&hellip;<\/p>\n","protected":false},"author":1,"featured_media":0,"parent":0,"menu_order":0,"comment_status":"closed","ping_status":"closed","template":"","meta":{"footnotes":""},"class_list":["post-7091","page","type-page","status-publish","hentry"],"_links":{"self":[{"href":"https:\/\/wetumtum.pt\/festivalpapagaio\/wp-json\/wp\/v2\/pages\/7091","targetHints":{"allow":["GET"]}}],"collection":[{"href":"https:\/\/wetumtum.pt\/festivalpapagaio\/wp-json\/wp\/v2\/pages"}],"about":[{"href":"https:\/\/wetumtum.pt\/festivalpapagaio\/wp-json\/wp\/v2\/types\/page"}],"author":[{"embeddable":true,"href":"https:\/\/wetumtum.pt\/festivalpapagaio\/wp-json\/wp\/v2\/users\/1"}],"replies":[{"embeddable":true,"href":"https:\/\/wetumtum.pt\/festivalpapagaio\/wp-json\/wp\/v2\/comments?post=7091"}],"version-history":[{"count":65,"href":"https:\/\/wetumtum.pt\/festivalpapagaio\/wp-json\/wp\/v2\/pages\/7091\/revisions"}],"predecessor-version":[{"id":7783,"href":"https:\/\/wetumtum.pt\/festivalpapagaio\/wp-json\/wp\/v2\/pages\/7091\/revisions\/7783"}],"wp:attachment":[{"href":"https:\/\/wetumtum.pt\/festivalpapagaio\/wp-json\/wp\/v2\/media?parent=7091"}],"curies":[{"name":"wp","href":"https:\/\/api.w.org\/{rel}","templated":true}]}}